{"id":422,"date":"2015-05-16T17:40:54","date_gmt":"2015-05-16T17:40:54","guid":{"rendered":"http:\/\/localhost:8888\/?page_id=422"},"modified":"2018-05-08T06:44:33","modified_gmt":"2018-05-08T06:44:33","slug":"compte-rendu","status":"publish","type":"page","link":"https:\/\/larena77.fr\/?page_id=422","title":{"rendered":"Compte-rendu de r\u00e9union"},"content":{"rendered":"<ul style=\"list-style-type: disc;\">\n<li><a href=\"http:\/\/larena77.fr\/wp-content\/uploads\/2018\/05\/2018-04-10-COMPTE-RENDU-DE-REUNION.pdf\" target=\"_blank\" rel=\"noopener\">10 avril 2018<\/a><\/li>\n<li><a href=\"http:\/\/larena77.fr\/wp-content\/uploads\/2017\/06\/2017-06-13-COMPTE-RENDU-DE-REUNION-.pdf\" target=\"_blank\" rel=\"noopener\">13 juin 2017<\/a><\/li>\n<li><a href=\"http:\/\/larena77.fr\/wp-content\/uploads\/2017\/06\/2017-05-23-COMPTE-RENDU-DE-REUNION.pdf\" target=\"_blank\" rel=\"noopener\">23 mai 2017<\/a><\/li>\n<li><a href=\"http:\/\/larena77.fr\/wp-content\/uploads\/2017\/06\/2017-05-09-COMPTE-RENDU-DE-REUNION.pdf\" target=\"_blank\" rel=\"noopener\">9 mai 2017<\/a><\/li>\n<li><a href=\"http:\/\/larena77.fr\/wp-content\/uploads\/2017\/06\/2017-04-25-COMPTE-RENDU-DE-REUNION.pdf\" target=\"_blank\" rel=\"noopener\">25 avril 2017<\/a><\/li>\n<li><a href=\"http:\/\/larena77.fr\/wp-content\/uploads\/2017\/04\/2017-03-28-COMPTE-RENDU-DE-REUNION.pdf\" target=\"_blank\" rel=\"noopener noreferrer\">28 mars 2017<\/a><\/li>\n<li>14 mars 2017<\/li>\n<li><a href=\"http:\/\/larena77.fr\/wp-content\/uploads\/2017\/03\/2017-02-28-COMPTE-RENDU-DE-REUNION.pdf\" target=\"_blank\" rel=\"noopener noreferrer\">28 f\u00e9vrier 2017<\/a><\/li>\n<li><a href=\"http:\/\/larena77.fr\/wp-content\/uploads\/2017\/02\/2017-01-24-COMPTE-RENDU-DE-REUNION.pdf\" target=\"_blank\" rel=\"noopener noreferrer\">24\u00a0janvier 2017<\/a><\/li>\n<li>13 d\u00e9cembre 2016<\/li>\n<li><a href=\"http:\/\/larena77.fr\/wp-content\/uploads\/2016\/12\/2016-11-29-COMPTE-RENDU-DE-REUNION.pdf\" target=\"_blank\" rel=\"noopener noreferrer\">29 novembre 2016<\/a><\/li>\n<li><a href=\"http:\/\/larena77.fr\/wp-content\/uploads\/2016\/12\/2016-11-08-COMPTE-RENDU-DE-REUNION.pdf\" target=\"_blank\" rel=\"noopener noreferrer\">08 novembre 2016<\/a><\/li>\n<li><a href=\"http:\/\/larena77.fr\/wp-content\/uploads\/2016\/11\/2016-11-03-RENCONTRE-ANNUELLE-AD77.pdf\" target=\"_blank\" rel=\"noopener noreferrer\">03 novembre 2016 &#8211; Rencontre 2016 des associations d&rsquo;histoire, de g\u00e9n\u00e9alogie, et de m\u00e9moire aux AD77<\/a><\/li>\n<li><a href=\"http:\/\/larena77.fr\/wp-content\/uploads\/2016\/11\/2016-10-11-COMPTE-RENDU-DE-REUNION.pdf\" target=\"_blank\" rel=\"noopener noreferrer\">11 octobre 2016<\/a><\/li>\n<li><a href=\"http:\/\/larena77.fr\/wp-content\/uploads\/2016\/10\/2016-09-27-COMPTE-RENDU-DE-REUNION.pdf\" target=\"_blank\" rel=\"noopener noreferrer\">27 septembre 2016<\/a><\/li>\n<li><a href=\"http:\/\/larena77.fr\/wp-content\/uploads\/2016\/10\/2016-09-20-COMPTE-RENDU-DE-REUNION.pdf\" target=\"_blank\" rel=\"noopener noreferrer\">20 septembre 2016<\/a><\/li>\n<li><a href=\"http:\/\/larena77.fr\/wp-content\/uploads\/2016\/05\/2016-05-10-COMPTE-RENDU-DE-REUNION.pdf\" target=\"_blank\" rel=\"noopener noreferrer\">10 mai 2016<\/a><\/li>\n<li><a href=\"http:\/\/larena77.fr\/wp-content\/uploads\/2015\/11\/2015-11-10-COMPTE-RENDU-DE-REUNION.pdf\" target=\"_blank\" rel=\"noopener noreferrer\">10 novembre 2015<\/a><\/li>\n<li><a href=\"http:\/\/larena77.fr\/wp-content\/uploads\/2015\/11\/2015-10-15-RENCONTRE-ANNUELLE-AD77.pdf\" target=\"_blank\" rel=\"noopener noreferrer\">15 octobre 2015 &#8211; Rencontre 2015 des associations d&rsquo;histoire, de g\u00e9n\u00e9alogie, et de m\u00e9moire aux AD77<\/a><\/li>\n<li><a href=\"http:\/\/larena77.fr\/wp-content\/uploads\/2016\/02\/Conf\u00e9rence-Michel-ROUET_Mariage-ss-lAncien-R\u00e9gime-Consanguinit\u00e9-et-Affinit\u00e9_13-Oct-2015.pdf\" target=\"_blank\" rel=\"noopener noreferrer\">13 octobre 2015 &#8211; Conf\u00e9rence Michel ROUET &#8211; Mariage sous l&rsquo;Ancien R\u00e9gime &#8211; Consanguinit\u00e9 et Affinit\u00e9<\/a><\/li>\n<li><a href=\"http:\/\/larena77.fr\/wp-content\/uploads\/2015\/09\/2015-09-22-COMPTE-RENDU-DE-REUNION1.pdf\" target=\"_blank\" rel=\"noopener noreferrer\">22 septembre 2015<\/a><\/li>\n<li><a href=\"http:\/\/larena77.fr\/wp-content\/uploads\/2015\/09\/2015-09-08-COMPTE-RENDU-DE-REUNION.pdf\">8 septembre 2015<\/a><\/li>\n<li><a href=\"http:\/\/larena77.fr\/wp-content\/uploads\/2015\/06\/2015-06-09-COMPTE-RENDU-DE-REUNION.pdf\" target=\"_blank\" rel=\"noopener noreferrer\">9 juin 2015<\/a><\/li>\n<li><a href=\"http:\/\/larena77.fr\/wp-content\/uploads\/2015\/05\/2015-05-12-COMPTE-RENDU-DE-REUNION.pdf\" target=\"_blank\" rel=\"noopener noreferrer\">12 mai 2015<\/a><\/li>\n<li><a href=\"http:\/\/larena77.fr\/wp-content\/uploads\/2015\/05\/2015-04-14-COMPTE-RENDU-DE-REUNION.pdf\" target=\"_blank\" rel=\"noopener noreferrer\">14 avril 2015<\/a><\/li>\n<\/ul>\n","protected":false},"excerpt":{"rendered":"<p>10 avril 2018 13 juin 2017 23 mai 2017 9 mai 2017 25 avril 2017 28 mars 2017 14 mars 2017 28 f\u00e9vrier 2017 24\u00a0janvier 2017 13 d\u00e9cembre 2016 29 novembre 2016 08 novembre 2016 03 novembre 2016 &#8211; Rencontre 2016 des associations d&rsquo;histoire, de g\u00e9n\u00e9alogie, et de m\u00e9moire aux AD77 11 octobre 2016 27 [&hellip;]<\/p>\n","protected":false},"author":3,"featured_media":0,"parent":0,"menu_order":0,"comment_status":"open","ping_status":"open","template":"","meta":{"_bbp_topic_count":0,"_bbp_reply_count":0,"_bbp_total_topic_count":0,"_bbp_total_reply_count":0,"_bbp_voice_count":0,"_bbp_anonymous_reply_count":0,"_bbp_topic_count_hidden":0,"_bbp_reply_count_hidden":0,"_bbp_forum_subforum_count":0},"_links":{"self":[{"href":"https:\/\/larena77.fr\/index.php?rest_route=\/wp\/v2\/pages\/422"}],"collection":[{"href":"https:\/\/larena77.fr\/index.php?rest_route=\/wp\/v2\/pages"}],"about":[{"href":"https:\/\/larena77.fr\/index.php?rest_route=\/wp\/v2\/types\/page"}],"author":[{"embeddable":true,"href":"https:\/\/larena77.fr\/index.php?rest_route=\/wp\/v2\/users\/3"}],"replies":[{"embeddable":true,"href":"https:\/\/larena77.fr\/index.php?rest_route=%2Fwp%2Fv2%2Fcomments&post=422"}],"version-history":[{"count":40,"href":"https:\/\/larena77.fr\/index.php?rest_route=\/wp\/v2\/pages\/422\/revisions"}],"predecessor-version":[{"id":2815,"href":"https:\/\/larena77.fr\/index.php?rest_route=\/wp\/v2\/pages\/422\/revisions\/2815"}],"wp:attachment":[{"href":"https:\/\/larena77.fr\/index.php?rest_route=%2Fwp%2Fv2%2Fmedia&parent=422"}],"curies":[{"name":"wp","href":"https:\/\/api.w.org\/{rel}","templated":true}]}}

Compte-rendu de réunion

<ul style="list-style-type: disc;">
<li><a href="http://larena77.fr/wp-content/uploads/2018/05/2018-04-10-COMPTE-RENDU-DE-REUNION.pdf" target="_blank" rel="noopener">10 avril 2018</a></li>
<li><a href="http://larena77.fr/wp-content/uploads/2017/06/2017-06-13-COMPTE-RENDU-DE-REUNION-.pdf" target="_blank" rel="noopener">13 juin 2017</a></li>
<li><a href="http://larena77.fr/wp-content/uploads/2017/06/2017-05-23-COMPTE-RENDU-DE-REUNION.pdf" target="_blank" rel="noopener">23 mai 2017</a></li>
<li><a href="http://larena77.fr/wp-content/uploads/2017/06/2017-05-09-COMPTE-RENDU-DE-REUNION.pdf" target="_blank" rel="noopener">9 mai 2017</a></li>
<li><a href="http://larena77.fr/wp-content/uploads/2017/06/2017-04-25-COMPTE-RENDU-DE-REUNION.pdf" target="_blank" rel="noopener">25 avril 2017</a></li>
<li><a href="http://larena77.fr/wp-content/uploads/2017/04/2017-03-28-COMPTE-RENDU-DE-REUNION.pdf" target="_blank" rel="noopener noreferrer">28 mars 2017</a></li>
<li>14 mars 2017</li>
<li><a href="http://larena77.fr/wp-content/uploads/2017/03/2017-02-28-COMPTE-RENDU-DE-REUNION.pdf" target="_blank" rel="noopener noreferrer">28 février 2017</a></li>
<li><a href="http://larena77.fr/wp-content/uploads/2017/02/2017-01-24-COMPTE-RENDU-DE-REUNION.pdf" target="_blank" rel="noopener noreferrer">24 janvier 2017</a></li>
<li>13 décembre 2016</li>
<li><a href="http://larena77.fr/wp-content/uploads/2016/12/2016-11-29-COMPTE-RENDU-DE-REUNION.pdf" target="_blank" rel="noopener noreferrer">29 novembre 2016</a></li>
<li><a href="http://larena77.fr/wp-content/uploads/2016/12/2016-11-08-COMPTE-RENDU-DE-REUNION.pdf" target="_blank" rel="noopener noreferrer">08 novembre 2016</a></li>
<li><a href="http://larena77.fr/wp-content/uploads/2016/11/2016-11-03-RENCONTRE-ANNUELLE-AD77.pdf" target="_blank" rel="noopener noreferrer">03 novembre 2016 &#8211; Rencontre 2016 des associations d&rsquo;histoire, de généalogie, et de mémoire aux AD77</a></li>
<li><a href="http://larena77.fr/wp-content/uploads/2016/11/2016-10-11-COMPTE-RENDU-DE-REUNION.pdf" target="_blank" rel="noopener noreferrer">11 octobre 2016</a></li>
<li><a href="http://larena77.fr/wp-content/uploads/2016/10/2016-09-27-COMPTE-RENDU-DE-REUNION.pdf" target="_blank" rel="noopener noreferrer">27 septembre 2016</a></li>
<li><a href="http://larena77.fr/wp-content/uploads/2016/10/2016-09-20-COMPTE-RENDU-DE-REUNION.pdf" target="_blank" rel="noopener noreferrer">20 septembre 2016</a></li>
<li><a href="http://larena77.fr/wp-content/uploads/2016/05/2016-05-10-COMPTE-RENDU-DE-REUNION.pdf" target="_blank" rel="noopener noreferrer">10 mai 2016</a></li>
<li><a href="http://larena77.fr/wp-content/uploads/2015/11/2015-11-10-COMPTE-RENDU-DE-REUNION.pdf" target="_blank" rel="noopener noreferrer">10 novembre 2015</a></li>
<li><a href="http://larena77.fr/wp-content/uploads/2015/11/2015-10-15-RENCONTRE-ANNUELLE-AD77.pdf" target="_blank" rel="noopener noreferrer">15 octobre 2015 &#8211; Rencontre 2015 des associations d&rsquo;histoire, de généalogie, et de mémoire aux AD77</a></li>
<li><a href="http://larena77.fr/wp-content/uploads/2016/02/Conférence-Michel-ROUET_Mariage-ss-lAncien-Régime-Consanguinité-et-Affinité_13-Oct-2015.pdf" target="_blank" rel="noopener noreferrer">13 octobre 2015 &#8211; Conférence Michel ROUET &#8211; Mariage sous l&rsquo;Ancien Régime &#8211; Consanguinité et Affinité</a></li>
<li><a href="http://larena77.fr/wp-content/uploads/2015/09/2015-09-22-COMPTE-RENDU-DE-REUNION1.pdf" target="_blank" rel="noopener noreferrer">22 septembre 2015</a></li>
<li><a href="http://larena77.fr/wp-content/uploads/2015/09/2015-09-08-COMPTE-RENDU-DE-REUNION.pdf">8 septembre 2015</a></li>
<li><a href="http://larena77.fr/wp-content/uploads/2015/06/2015-06-09-COMPTE-RENDU-DE-REUNION.pdf" target="_blank" rel="noopener noreferrer">9 juin 2015</a></li>
<li><a href="http://larena77.fr/wp-content/uploads/2015/05/2015-05-12-COMPTE-RENDU-DE-REUNION.pdf" target="_blank" rel="noopener noreferrer">12 mai 2015</a></li>
<li><a href="http://larena77.fr/wp-content/uploads/2015/05/2015-04-14-COMPTE-RENDU-DE-REUNION.pdf" target="_blank" rel="noopener noreferrer">14 avril 2015</a></li>
</ul>

<p>10 avril 2018 13 juin 2017 23 mai 2017 9 mai 2017 25 avril 2017 28 mars 2017 14 mars 2017 28 février 2017 24 janvier 2017 13 décembre 2016 29 novembre 2016 08 novembre 2016 03 novembre 2016 &#8211; Rencontre 2016 des associations d&rsquo;histoire, de généalogie, et de mémoire aux AD77 11 octobre 2016 27 [&hellip;]</p>
