{"id":42,"date":"2015-02-10T14:55:07","date_gmt":"2015-02-10T14:55:07","guid":{"rendered":"http:\/\/localhost:8888\/?page_id=42"},"modified":"2021-02-07T08:48:34","modified_gmt":"2021-02-07T08:48:34","slug":"adhesion","status":"publish","type":"page","link":"https:\/\/larena77.fr\/?page_id=42","title":{"rendered":"Adh\u00e9sion"},"content":{"rendered":"<div class=\"page\" title=\"Page 10\">\n<ul style=\"list-style-type: disc;\">\n<li><a href=\"http:\/\/larena77.fr\/wp-content\/uploads\/2017\/02\/2017_FicheContact.pdf\" target=\"_blank\" rel=\"noopener noreferrer\">Fiche Contact<\/a><\/li>\n<li><a href=\"http:\/\/larena77.fr\/wp-content\/uploads\/2017\/02\/2017_FicheDeRenseignements.pdf\" target=\"_blank\" rel=\"noopener noreferrer\">Fiche de Renseignements<\/a><\/li>\n<li><a href=\"http:\/\/larena77.fr\/wp-content\/uploads\/2021\/02\/2021_Bulletin-dAdh\u00e9sion.pdf\" target=\"_blank\" rel=\"noopener noreferrer\">2021 Bulletin d&rsquo;Adh\u00e9sion<\/a><\/li>\n<li><a href=\"http:\/\/larena77.fr\/wp-content\/uploads\/2021\/02\/2021_Appel-de-cotisation.pdf\" target=\"_blank\" rel=\"noopener noreferrer\">2021 Appel de Cotisation<\/a><\/li>\n<li><a href=\"http:\/\/larena77.fr\/wp-content\/uploads\/2015\/05\/LARENA_77_R\u00e8glement_Int\u00e9rieur_V_DEFINITIF.pdf\" target=\"_blank\" rel=\"noopener noreferrer\">R\u00e8glement int\u00e9rieur<\/a><\/li>\n<li><a href=\"http:\/\/larena77.fr\/wp-content\/uploads\/2016\/01\/Atelier-Les-16-Quartiers.pps\" target=\"_blank\" rel=\"noopener noreferrer\">Atelier Les 16 Quartiers mode d&#8217;emploi (t\u00e9l\u00e9chargement)<\/a><\/li>\n<li><a href=\"http:\/\/larena77.fr\/wp-content\/uploads\/2016\/01\/Atelier-Les-16-Quartiers.doc\" target=\"_blank\" rel=\"noopener noreferrer\">Atelier Les 16 Quartiers (t\u00e9l\u00e9chargement)<\/a><\/li>\n<li><a href=\"http:\/\/larena77.fr\/wp-content\/uploads\/2016\/01\/Atelier-Les-16-Quartiers-tableau.doc\" target=\"_blank\" rel=\"noopener noreferrer\">Atelier Les 16 Quartiers &#8211; tableau (t\u00e9l\u00e9chargement)<\/a><\/li>\n<\/ul>\n<\/div>\n\n","protected":false},"excerpt":{"rendered":"<p>Fiche Contact Fiche de Renseignements 2021 Bulletin d&rsquo;Adh\u00e9sion 2021 Appel de Cotisation R\u00e8glement int\u00e9rieur Atelier Les 16 Quartiers mode d&#8217;emploi (t\u00e9l\u00e9chargement) Atelier Les 16 Quartiers (t\u00e9l\u00e9chargement) Atelier Les 16 Quartiers &#8211; tableau (t\u00e9l\u00e9chargement)<\/p>\n","protected":false},"author":3,"featured_media":0,"parent":0,"menu_order":0,"comment_status":"closed","ping_status":"closed","template":"","meta":{"_bbp_topic_count":0,"_bbp_reply_count":0,"_bbp_total_topic_count":0,"_bbp_total_reply_count":0,"_bbp_voice_count":0,"_bbp_anonymous_reply_count":0,"_bbp_topic_count_hidden":0,"_bbp_reply_count_hidden":0,"_bbp_forum_subforum_count":0},"_links":{"self":[{"href":"https:\/\/larena77.fr\/index.php?rest_route=\/wp\/v2\/pages\/42"}],"collection":[{"href":"https:\/\/larena77.fr\/index.php?rest_route=\/wp\/v2\/pages"}],"about":[{"href":"https:\/\/larena77.fr\/index.php?rest_route=\/wp\/v2\/types\/page"}],"author":[{"embeddable":true,"href":"https:\/\/larena77.fr\/index.php?rest_route=\/wp\/v2\/users\/3"}],"replies":[{"embeddable":true,"href":"https:\/\/larena77.fr\/index.php?rest_route=%2Fwp%2Fv2%2Fcomments&post=42"}],"version-history":[{"count":32,"href":"https:\/\/larena77.fr\/index.php?rest_route=\/wp\/v2\/pages\/42\/revisions"}],"predecessor-version":[{"id":3768,"href":"https:\/\/larena77.fr\/index.php?rest_route=\/wp\/v2\/pages\/42\/revisions\/3768"}],"wp:attachment":[{"href":"https:\/\/larena77.fr\/index.php?rest_route=%2Fwp%2Fv2%2Fmedia&parent=42"}],"curies":[{"name":"wp","href":"https:\/\/api.w.org\/{rel}","templated":true}]}}