{"id":163,"date":"2015-02-24T10:20:06","date_gmt":"2015-02-24T10:20:06","guid":{"rendered":"http:\/\/localhost:8888\/?page_id=163"},"modified":"2018-07-28T10:32:00","modified_gmt":"2018-07-28T10:32:00","slug":"documents","status":"publish","type":"page","link":"https:\/\/larena77.fr\/?page_id=163","title":{"rendered":"Documents"},"content":{"rendered":"<ul style=\"list-style-type: disc;\">\n<li><a href=\"http:\/\/larena77.fr\/wp-content\/uploads\/2015\/08\/Circuit-de-d\u00e9cision.pdf\" target=\"_blank\" rel=\"noopener\">Circuit de d\u00e9cision<\/a><\/li>\n<li><a href=\"http:\/\/larena77.fr\/wp-content\/uploads\/2015\/02\/Evolution_du_calendrier.pps\" target=\"_blank\" rel=\"noopener\">Evolution du calendrier<\/a><\/li>\n<li><a href=\"http:\/\/larena77.fr\/wp-content\/uploads\/2015\/05\/TrameM3.xls\" target=\"_blank\" rel=\"noopener\">Tableau Excel de saisie d\u2019ascendance pour les personnes n\u2019ayant pas de logiciel d\u00e9di\u00e9<\/a><\/li>\n<\/ul>\n<p>&nbsp;<\/p>\n<p>Biblioth\u00e8que :<\/p>\n<ul>\n<li><a href=\"http:\/\/larena77.fr\/wp-content\/uploads\/2016\/03\/Don-Patricia-ALICOT.pdf\" target=\"_blank\" rel=\"noopener\">Liste des ouvrages donn\u00e9s par Patricia ALICOT (mars 2016)<\/a><\/li>\n<li><a href=\"http:\/\/larena77.fr\/wp-content\/uploads\/2018\/07\/Don-Jo\u00eblle-GERVAIS-QU\u00c9NIART.pdf\" target=\"_blank\" rel=\"noopener\">Liste des ouvrages donn\u00e9es par Jo\u00eblle GERVAIS-QU\u00c9NIART<\/a>\u00a0(juin 2018)<\/li>\n<\/ul>\n","protected":false},"excerpt":{"rendered":"<p>Circuit de d\u00e9cision Evolution du calendrier Tableau Excel de saisie d\u2019ascendance pour les personnes n\u2019ayant pas de logiciel d\u00e9di\u00e9 &nbsp; Biblioth\u00e8que : Liste des ouvrages donn\u00e9s par Patricia ALICOT (mars 2016) Liste des ouvrages donn\u00e9es par Jo\u00eblle GERVAIS-QU\u00c9NIART\u00a0(juin 2018)<\/p>\n","protected":false},"author":3,"featured_media":0,"parent":0,"menu_order":0,"comment_status":"open","ping_status":"open","template":"","meta":{"_bbp_topic_count":0,"_bbp_reply_count":0,"_bbp_total_topic_count":0,"_bbp_total_reply_count":0,"_bbp_voice_count":0,"_bbp_anonymous_reply_count":0,"_bbp_topic_count_hidden":0,"_bbp_reply_count_hidden":0,"_bbp_forum_subforum_count":0},"_links":{"self":[{"href":"https:\/\/larena77.fr\/index.php?rest_route=\/wp\/v2\/pages\/163"}],"collection":[{"href":"https:\/\/larena77.fr\/index.php?rest_route=\/wp\/v2\/pages"}],"about":[{"href":"https:\/\/larena77.fr\/index.php?rest_route=\/wp\/v2\/types\/page"}],"author":[{"embeddable":true,"href":"https:\/\/larena77.fr\/index.php?rest_route=\/wp\/v2\/users\/3"}],"replies":[{"embeddable":true,"href":"https:\/\/larena77.fr\/index.php?rest_route=%2Fwp%2Fv2%2Fcomments&post=163"}],"version-history":[{"count":11,"href":"https:\/\/larena77.fr\/index.php?rest_route=\/wp\/v2\/pages\/163\/revisions"}],"predecessor-version":[{"id":2913,"href":"https:\/\/larena77.fr\/index.php?rest_route=\/wp\/v2\/pages\/163\/revisions\/2913"}],"wp:attachment":[{"href":"https:\/\/larena77.fr\/index.php?rest_route=%2Fwp%2Fv2%2Fmedia&parent=163"}],"curies":[{"name":"wp","href":"https:\/\/api.w.org\/{rel}","templated":true}]}}