{"id":151,"date":"2015-02-23T16:18:02","date_gmt":"2015-02-23T16:18:02","guid":{"rendered":"http:\/\/localhost:8888\/?page_id=151"},"modified":"2017-06-19T06:14:40","modified_gmt":"2017-06-19T06:14:40","slug":"espace-adherents","status":"publish","type":"page","link":"https:\/\/larena77.fr\/?page_id=151","title":{"rendered":"Espace Adh\u00e9rents"},"content":{"rendered":"<ul style=\"list-style-type: disc;\">\n<li><a title=\"Documents\" href=\"http:\/\/larena77.fr\/?page_id=163\" target=\"_blank\" rel=\"noopener\">Documents<\/a><\/li>\n<\/ul>\n<hr \/>\n<ul style=\"list-style-type: disc;\">\n<li><a title=\"Grimoire\" href=\"http:\/\/larena77.fr\/?page_id=165\" target=\"_blank\" rel=\"noopener\">Grimoire<\/a><\/li>\n<\/ul>\n<hr \/>\n<ul style=\"list-style-type: disc;\">\n<li><a title=\"Forum d\u2019Entraide\" href=\"http:\/\/larena77.fr\/?page_id=187\" target=\"_blank\" rel=\"noopener\">Forum d&rsquo;entraide<\/a><\/li>\n<\/ul>\n<hr \/>\n<ul style=\"list-style-type: disc;\">\n<li><a href=\"http:\/\/larena77.fr\/?page_id=189\" target=\"_blank\" rel=\"noopener\">Trucs et astuces<\/a><\/li>\n<\/ul>\n<hr \/>\n<ul>\n<li><a href=\"http:\/\/larena77.fr\/?page_id=422\" target=\"_blank\" rel=\"noopener\">Compte rendu de r\u00e9union<\/a><\/li>\n<\/ul>\n<hr \/>\n<ul style=\"list-style-type: disc;\">\n<li><a href=\"http:\/\/larena77.fr\/?page_id=1037\" target=\"_blank\" rel=\"noopener\">Assembl\u00e9e G\u00e9n\u00e9rale<\/a><\/li>\n<\/ul>\n<hr \/>\n<ul style=\"list-style-type: disc;\">\n<li><a href=\"http:\/\/larena77.fr\/?page_id=820\" target=\"_blank\" rel=\"noopener\">Compte rendu de r\u00e9union expo<br \/>\n<\/a><\/li>\n<\/ul>\n<hr \/>\n<ul>\n<li><a href=\"http:\/\/larena77.fr\/?page_id=1003\" target=\"_blank\" rel=\"noopener\">Pal\u00e9ographie<\/a><\/li>\n<\/ul>\n<hr style=\"font-family: 'Times New Roman', Times, serif;\" \/>\n<ul>\n<li><a href=\"http:\/\/larena77.fr\/?page_id=2187\" target=\"_blank\" rel=\"noopener\">Inscription au 10 ans de LARENA77<\/a><\/li>\n<\/ul>\n<hr \/>\n","protected":false},"excerpt":{"rendered":"<p>Documents Grimoire Forum d&rsquo;entraide Trucs et astuces Compte rendu de r\u00e9union Assembl\u00e9e G\u00e9n\u00e9rale Compte rendu de r\u00e9union expo Pal\u00e9ographie Inscription au 10 ans de LARENA77<\/p>\n","protected":false},"author":3,"featured_media":0,"parent":0,"menu_order":0,"comment_status":"closed","ping_status":"closed","template":"","meta":{"_bbp_topic_count":0,"_bbp_reply_count":0,"_bbp_total_topic_count":0,"_bbp_total_reply_count":0,"_bbp_voice_count":0,"_bbp_anonymous_reply_count":0,"_bbp_topic_count_hidden":0,"_bbp_reply_count_hidden":0,"_bbp_forum_subforum_count":0},"_links":{"self":[{"href":"https:\/\/larena77.fr\/index.php?rest_route=\/wp\/v2\/pages\/151"}],"collection":[{"href":"https:\/\/larena77.fr\/index.php?rest_route=\/wp\/v2\/pages"}],"about":[{"href":"https:\/\/larena77.fr\/index.php?rest_route=\/wp\/v2\/types\/page"}],"author":[{"embeddable":true,"href":"https:\/\/larena77.fr\/index.php?rest_route=\/wp\/v2\/users\/3"}],"replies":[{"embeddable":true,"href":"https:\/\/larena77.fr\/index.php?rest_route=%2Fwp%2Fv2%2Fcomments&post=151"}],"version-history":[{"count":26,"href":"https:\/\/larena77.fr\/index.php?rest_route=\/wp\/v2\/pages\/151\/revisions"}],"predecessor-version":[{"id":2410,"href":"https:\/\/larena77.fr\/index.php?rest_route=\/wp\/v2\/pages\/151\/revisions\/2410"}],"wp:attachment":[{"href":"https:\/\/larena77.fr\/index.php?rest_route=%2Fwp%2Fv2%2Fmedia&parent=151"}],"curies":[{"name":"wp","href":"https:\/\/api.w.org\/{rel}","templated":true}]}}