{"id":117,"date":"2015-02-22T17:54:34","date_gmt":"2015-02-22T17:54:34","guid":{"rendered":"http:\/\/localhost:8888\/?page_id=117"},"modified":"2015-06-25T07:02:07","modified_gmt":"2015-06-25T07:02:07","slug":"nos-partenaires","status":"publish","type":"page","link":"https:\/\/larena77.fr\/?page_id=117","title":{"rendered":"Nos partenaires"},"content":{"rendered":"<p>&nbsp;<\/p>\n<ul>\n<li>\n<h3><a title=\"FFG\" href=\"http:\/\/www.genefede.eu\" target=\"_blank\">F\u00e9d\u00e9ration Fran\u00e7aise de G\u00e9n\u00e9alogie<\/a><\/h3>\n<\/li>\n<li>\n<h3><a href=\"http:\/\/www.idf-genealogie.org\" target=\"_blank\">Union G\u00e9n\u00e9alogique Francilienne<\/a><\/h3>\n<\/li>\n<li>\n<h3><a href=\"http:\/\/butte-vauquois.fr\/\" target=\"_blank\">Amis de Vauquois<\/a><\/h3>\n<\/li>\n<\/ul>\n<p>&nbsp;<\/p>\n<div id=\"attachment_565\" style=\"width: 310px\" class=\"wp-caption alignleft\"><a href=\"http:\/\/larena77.fr\/wp-content\/uploads\/2015\/05\/PubLarena.jpeg\"><img aria-describedby=\"caption-attachment-565\" decoding=\"async\" loading=\"lazy\" class=\"wp-image-565 size-medium\" src=\"http:\/\/larena77.fr\/wp-content\/uploads\/2015\/05\/PubLarena-300x193.jpeg\" alt=\"Pub Larena\" width=\"300\" height=\"193\" srcset=\"https:\/\/larena77.fr\/wp-content\/uploads\/2015\/05\/PubLarena-300x193.jpeg 300w, https:\/\/larena77.fr\/wp-content\/uploads\/2015\/05\/PubLarena.jpeg 982w\" sizes=\"(max-width: 300px) 100vw, 300px\" \/><\/a><p id=\"caption-attachment-565\" class=\"wp-caption-text\">Publicit\u00e9 Larena<\/p><\/div>\n","protected":false},"excerpt":{"rendered":"<p>&nbsp; F\u00e9d\u00e9ration Fran\u00e7aise de G\u00e9n\u00e9alogie Union G\u00e9n\u00e9alogique Francilienne Amis de Vauquois &nbsp;<\/p>\n","protected":false},"author":3,"featured_media":0,"parent":0,"menu_order":0,"comment_status":"closed","ping_status":"closed","template":"","meta":{"_bbp_topic_count":0,"_bbp_reply_count":0,"_bbp_total_topic_count":0,"_bbp_total_reply_count":0,"_bbp_voice_count":0,"_bbp_anonymous_reply_count":0,"_bbp_topic_count_hidden":0,"_bbp_reply_count_hidden":0,"_bbp_forum_subforum_count":0},"_links":{"self":[{"href":"https:\/\/larena77.fr\/index.php?rest_route=\/wp\/v2\/pages\/117"}],"collection":[{"href":"https:\/\/larena77.fr\/index.php?rest_route=\/wp\/v2\/pages"}],"about":[{"href":"https:\/\/larena77.fr\/index.php?rest_route=\/wp\/v2\/types\/page"}],"author":[{"embeddable":true,"href":"https:\/\/larena77.fr\/index.php?rest_route=\/wp\/v2\/users\/3"}],"replies":[{"embeddable":true,"href":"https:\/\/larena77.fr\/index.php?rest_route=%2Fwp%2Fv2%2Fcomments&post=117"}],"version-history":[{"count":8,"href":"https:\/\/larena77.fr\/index.php?rest_route=\/wp\/v2\/pages\/117\/revisions"}],"predecessor-version":[{"id":625,"href":"https:\/\/larena77.fr\/index.php?rest_route=\/wp\/v2\/pages\/117\/revisions\/625"}],"wp:attachment":[{"href":"https:\/\/larena77.fr\/index.php?rest_route=%2Fwp%2Fv2%2Fmedia&parent=117"}],"curies":[{"name":"wp","href":"https:\/\/api.w.org\/{rel}","templated":true}]}}