{"id":1037,"date":"2016-01-07T08:07:43","date_gmt":"2016-01-07T08:07:43","guid":{"rendered":"http:\/\/larena77.fr\/?page_id=1037"},"modified":"2017-02-25T15:06:40","modified_gmt":"2017-02-25T15:06:40","slug":"assemblee-generale","status":"publish","type":"page","link":"https:\/\/larena77.fr\/?page_id=1037","title":{"rendered":"Assembl\u00e9e G\u00e9n\u00e9rale"},"content":{"rendered":"<p>Assembl\u00e9e g\u00e9n\u00e9rale 2017<\/p>\n<ul>\n<li><a href=\"http:\/\/larena77.fr\/wp-content\/uploads\/2017\/02\/2017-01-28-COMPTE-RENDU-AG.pdf\" target=\"_blank\">Compte-rendu<\/a><\/li>\n<li>Rapport moral<\/li>\n<li><a href=\"http:\/\/larena77.fr\/wp-content\/uploads\/2017\/02\/BUDGET-REALISE-2016.pdf\" target=\"_blank\">Bilan\u00a0financier 2016<\/a><\/li>\n<li><a href=\"http:\/\/larena77.fr\/wp-content\/uploads\/2017\/02\/BUDGET-PREV-2017.pdf\" target=\"_blank\">Budget pr\u00e9visionnel 2017<\/a><\/li>\n<\/ul>\n","protected":false},"excerpt":{"rendered":"<p>Assembl\u00e9e g\u00e9n\u00e9rale 2017 Compte-rendu Rapport moral Bilan\u00a0financier 2016 Budget pr\u00e9visionnel 2017<\/p>\n","protected":false},"author":3,"featured_media":0,"parent":0,"menu_order":0,"comment_status":"closed","ping_status":"closed","template":"","meta":{"_bbp_topic_count":0,"_bbp_reply_count":0,"_bbp_total_topic_count":0,"_bbp_total_reply_count":0,"_bbp_voice_count":0,"_bbp_anonymous_reply_count":0,"_bbp_topic_count_hidden":0,"_bbp_reply_count_hidden":0,"_bbp_forum_subforum_count":0},"_links":{"self":[{"href":"https:\/\/larena77.fr\/index.php?rest_route=\/wp\/v2\/pages\/1037"}],"collection":[{"href":"https:\/\/larena77.fr\/index.php?rest_route=\/wp\/v2\/pages"}],"about":[{"href":"https:\/\/larena77.fr\/index.php?rest_route=\/wp\/v2\/types\/page"}],"author":[{"embeddable":true,"href":"https:\/\/larena77.fr\/index.php?rest_route=\/wp\/v2\/users\/3"}],"replies":[{"embeddable":true,"href":"https:\/\/larena77.fr\/index.php?rest_route=%2Fwp%2Fv2%2Fcomments&post=1037"}],"version-history":[{"count":11,"href":"https:\/\/larena77.fr\/index.php?rest_route=\/wp\/v2\/pages\/1037\/revisions"}],"predecessor-version":[{"id":1968,"href":"https:\/\/larena77.fr\/index.php?rest_route=\/wp\/v2\/pages\/1037\/revisions\/1968"}],"wp:attachment":[{"href":"https:\/\/larena77.fr\/index.php?rest_route=%2Fwp%2Fv2%2Fmedia&parent=1037"}],"curies":[{"name":"wp","href":"https:\/\/api.w.org\/{rel}","templated":true}]}}