{"id":102,"date":"2015-02-17T16:48:55","date_gmt":"2015-02-17T16:48:55","guid":{"rendered":"http:\/\/localhost:8888\/?page_id=102"},"modified":"2017-05-07T09:06:29","modified_gmt":"2017-05-07T09:06:29","slug":"a-propos-de","status":"publish","type":"page","link":"https:\/\/larena77.fr\/?page_id=102","title":{"rendered":"A propos de"},"content":{"rendered":"<p>Bienvenue sur le site de notre association.<\/p>\n<p>Association n\u00e9e en mars 2007 par des adh\u00e9rents toujours actifs depuis 8 ans qui \u0153uvrent pour que notre association continue \u00e0 \u00e9voluer et \u00e0 prosp\u00e9rer.<\/p>\n<p><strong>LA RE<\/strong>cherche de <strong>N<\/strong>os <strong>A<\/strong>nc\u00eatres a pour vocation de faciliter l\u2019\u00e9change entre adh\u00e9rents et un large public sur l\u2019histoire et la g\u00e9n\u00e9alogie de la Communaut\u00e9 de Communes de Moret Seine-et-Loing afin de pouvoir trouver des tr\u00e9sors au niveau des renseignements, des documents et des \u00e9tudes se rapportant \u00e0 la r\u00e9gion.<\/p>\n<p>Ce site sera en continuelle \u00e9volution afin de devenir, nous l&rsquo;esp\u00e9rons, une r\u00e9f\u00e9rence en la mati\u00e8re. Il se veut p\u00e9dagogique, facile \u00e0 consulter et d\u00e9pourvu de toute partialit\u00e9. De nombreuses fonctionnalit\u00e9s vous sont accessibles en fonction des donn\u00e9es propos\u00e9es.<\/p>\n<p>Actuellement, nos approches sont plus particuli\u00e8rement r\u00e9serv\u00e9es \u00e0 l\u2019actualit\u00e9 relative \u00e0 la Premi\u00e8re Guerre mondiale et \u00e0 l\u2019actualit\u00e9 de notre association.<\/p>\n<p>Vous y retrouver le\u00a0calendrier de nos r\u00e9unions mensuelles mais \u00e9galement de travail pour l\u2019organisation de notre prochaine exposition qui se tiendra en Avril 2016 qui a pour th\u00e8me\u00a0\u00ab\u00a0Au c\u0153ur de la Grande Guerre\u00a0\u00bb.<\/p>\n<p>De plus, cette nouvelle version\u00a0de notre site Internet vous permet de nous contacter plus facilement et ce\u00a0\u00e0 tout moment. Nous essaierons de r\u00e9pondre \u00e0 vos demandes tout en respectant la l\u00e9gislation en vigueur.<\/p>\n<p>Je vous souhaite une bonne visualisation et lecture des documents enregistr\u00e9s.<\/p>\n<p>Notre \u00e9quipe reste \u00e0 votre disposition pour r\u00e9pondre \u00e0 vos questions.<\/p>\n<p><i>Alors n\u2019h\u00e9sitez pas \u00e0 consulter notre Site, \u00e0 nous rencontrer et \u00e0 donner votre avis<\/i><\/p>\n<p>G\u00e9n\u00e9alogiquement v\u00f4tre,<\/p>\n<p><i>La Pr\u00e9sidente<\/i><\/p>\n<p><b>Val\u00e9rie ASSELIN<\/b><\/p>\n<hr \/>\n<p>&nbsp;<\/p>\n<table class=\" alignleft\" style=\"height: 258px;\" width=\"585\">\n<tbody>\n<tr>\n<td style=\"text-align: left; vertical-align: top;\">Nom\u00a0:<\/td>\n<td style=\"vertical-align: top;\"><span style=\"color: #ff6600;\"><strong>LARENA<\/strong><\/span>\u00a0\u2013\u00a0<span style=\"color: #ff6600;\"><b>LA RE<\/b><\/span>cherche de\u00a0<span style=\"color: #ff6600;\"><b>N<\/b><\/span>os\u00a0<span style=\"color: #ff6600;\"><b>A<\/b><\/span>nc\u00eatres &#8211; Cercle g\u00e9n\u00e9alogique de la Vall\u00e9e du Loing<\/td>\n<\/tr>\n<tr>\n<td style=\"text-align: left; vertical-align: top;\">Si\u00e8ge social\u00a0:<\/td>\n<td style=\"text-align: left; vertical-align: top;\">H\u00f4tel de Ville &#8211; 26 rue Grande &#8211; Moret-sur-Loing &#8211; 77250 ORVANNE<\/td>\n<\/tr>\n<tr>\n<td style=\"text-align: left; vertical-align: top;\">Adresse postale\u00a0:<\/td>\n<td style=\"text-align: left; vertical-align: top;\">Hameau des Bois de Dormelles &#8211; 25 rue de la Mare aux Loups &#8211; 77130\u00a0DORMELLES<\/td>\n<\/tr>\n<tr>\n<td style=\"text-align: left; vertical-align: top;\">Association :<\/td>\n<td style=\"text-align: left; vertical-align: top;\">Loi de 1901 &#8211;\u00a0Reconnue d\u2019int\u00e9r\u00eat g\u00e9n\u00e9ral (rescrit DDFP 77 n\u00b0 RI 2016-96 DU 17\u00a0\/11\/2016)<\/td>\n<\/tr>\n<tr>\n<td style=\"text-align: left; vertical-align: top;\">Cr\u00e9\u00e9e le :<\/td>\n<td style=\"text-align: left; vertical-align: top;\">27 mars 2007 &#8211;\u00a0publi\u00e9e au JORF le 28\/04\/2007<\/td>\n<\/tr>\n<tr>\n<td style=\"text-align: left; vertical-align: top;\">RNA\u00a0:<\/td>\n<td style=\"text-align: left; vertical-align: top;\">W774002459<\/td>\n<\/tr>\n<tr>\n<td style=\"text-align: left; vertical-align: top;\">Siren :<\/td>\n<td style=\"text-align: left; vertical-align: top;\">503\u00a0382\u00a0327<\/td>\n<\/tr>\n<tr>\n<td style=\"text-align: left; vertical-align: top;\">Association affili\u00e9e\u00a0 \u00e0\u00a0:<\/td>\n<td style=\"text-align: left; vertical-align: top;\">F\u00e9d\u00e9ration Fran\u00e7aise de G\u00e9n\u00e9alogie &#8211; Union G\u00e9n\u00e9alogique Francilienne<\/td>\n<\/tr>\n<tr>\n<td style=\"text-align: left; vertical-align: top;\">Statuts\u00a0:<\/td>\n<td style=\"text-align: left; vertical-align: top;\"><a href=\"http:\/\/larena77.fr\/wp-content\/uploads\/2015\/05\/LARENA_77_Statuts_V_1.0-1DEFINITIF.pdf\" target=\"_blank\" rel=\"noopener noreferrer\">LARENA_77 Statuts<\/a><\/td>\n<\/tr>\n<\/tbody>\n<\/table>\n<p>&nbsp;<\/p>\n","protected":false},"excerpt":{"rendered":"<p>Bienvenue sur le site de notre association. Association n\u00e9e en mars 2007 par des adh\u00e9rents toujours actifs depuis 8 ans qui \u0153uvrent pour que notre association continue \u00e0 \u00e9voluer et \u00e0 prosp\u00e9rer. LA REcherche de Nos Anc\u00eatres a pour vocation de faciliter l\u2019\u00e9change entre adh\u00e9rents et un large public sur l\u2019histoire et la g\u00e9n\u00e9alogie de [&hellip;]<\/p>\n","protected":false},"author":3,"featured_media":0,"parent":0,"menu_order":0,"comment_status":"closed","ping_status":"closed","template":"","meta":{"_bbp_topic_count":0,"_bbp_reply_count":0,"_bbp_total_topic_count":0,"_bbp_total_reply_count":0,"_bbp_voice_count":0,"_bbp_anonymous_reply_count":0,"_bbp_topic_count_hidden":0,"_bbp_reply_count_hidden":0,"_bbp_forum_subforum_count":0},"_links":{"self":[{"href":"https:\/\/larena77.fr\/index.php?rest_route=\/wp\/v2\/pages\/102"}],"collection":[{"href":"https:\/\/larena77.fr\/index.php?rest_route=\/wp\/v2\/pages"}],"about":[{"href":"https:\/\/larena77.fr\/index.php?rest_route=\/wp\/v2\/types\/page"}],"author":[{"embeddable":true,"href":"https:\/\/larena77.fr\/index.php?rest_route=\/wp\/v2\/users\/3"}],"replies":[{"embeddable":true,"href":"https:\/\/larena77.fr\/index.php?rest_route=%2Fwp%2Fv2%2Fcomments&post=102"}],"version-history":[{"count":34,"href":"https:\/\/larena77.fr\/index.php?rest_route=\/wp\/v2\/pages\/102\/revisions"}],"predecessor-version":[{"id":2296,"href":"https:\/\/larena77.fr\/index.php?rest_route=\/wp\/v2\/pages\/102\/revisions\/2296"}],"wp:attachment":[{"href":"https:\/\/larena77.fr\/index.php?rest_route=%2Fwp%2Fv2%2Fmedia&parent=102"}],"curies":[{"name":"wp","href":"https:\/\/api.w.org\/{rel}","templated":true}]}}