{"id":1003,"date":"2015-12-08T20:40:16","date_gmt":"2015-12-08T20:40:16","guid":{"rendered":"http:\/\/larena77.fr\/?page_id=1003"},"modified":"2018-10-10T02:51:47","modified_gmt":"2018-10-10T02:51:47","slug":"paleographie","status":"publish","type":"page","link":"https:\/\/larena77.fr\/?page_id=1003","title":{"rendered":"Pal\u00e9ographie"},"content":{"rendered":"<h3>01 &#8211; Perchelet<\/h3>\n<p style=\"padding-left: 30px;\"><a href=\"http:\/\/larena77.fr\/wp-content\/uploads\/2015\/12\/Pal\u00e9ographie-perchelet.pdf\" target=\"_blank\" rel=\"noopener\">Texte et transcription<\/a><\/p>\n<h3>02 &#8211; Bail de vache<\/h3>\n<p style=\"padding-left: 30px;\"><a href=\"http:\/\/larena77.fr\/wp-content\/uploads\/2015\/12\/Bail-de-Vache-texte.pdf\" target=\"_blank\" rel=\"noopener\">Texte <\/a>&#8211; <a href=\"http:\/\/larena77.fr\/wp-content\/uploads\/2015\/12\/Bail-de-Vache.pdf\" target=\"_blank\" rel=\"noopener\">Transcription<\/a><\/p>\n<h3>03 &#8211; Bail\u00a0\u00e0 rente (1721)<\/h3>\n<p style=\"padding-left: 30px;\"><a href=\"http:\/\/larena77.fr\/wp-content\/uploads\/2016\/04\/Bail-\u00e0-rente-1721-texte.pdf\" target=\"_blank\" rel=\"noopener\">Texte<\/a> &#8211; <a href=\"http:\/\/larena77.fr\/wp-content\/uploads\/2016\/04\/Bail-\u00e0-rente-1721.pdf\" target=\"_blank\" rel=\"noopener\">Transcription<\/a><\/p>\n<h3>04 &#8211; Accord du 24 septembre 1714<\/h3>\n<p style=\"padding-left: 30px;\"><a href=\"http:\/\/larena77.fr\/wp-content\/uploads\/2016\/04\/231E695-1714-09-24-Accord-DELON-RICHARD-01.jpg\" target=\"_blank\" rel=\"noopener\">Texte 1<\/a> &#8211; <a href=\"http:\/\/larena77.fr\/wp-content\/uploads\/2016\/04\/231E695-1714-09-24-Accord-DELON-RICHARD-02.jpg\" target=\"_blank\" rel=\"noopener\">Texte 2<\/a> &#8211; <a href=\"http:\/\/larena77.fr\/wp-content\/uploads\/2016\/04\/Accord-du-24-septembre-1714.pdf\" target=\"_blank\" rel=\"noopener\">Transcription<\/a><\/p>\n<h3>05 &#8211; Texte (propos\u00e9 par Edgar BAUDRIER)<\/h3>\n<p style=\"padding-left: 30px;\"><a href=\"http:\/\/larena77.fr\/wp-content\/uploads\/2016\/04\/Texte-de-Edgar-BAUDRIER.pdf\" target=\"_blank\" rel=\"noopener\">Texte<\/a><\/p>\n<h3>06 &#8211; Soldat de milice<\/h3>\n<p style=\"padding-left: 30px;\"><a href=\"http:\/\/larena77.fr\/wp-content\/uploads\/2016\/04\/258E779-1703-12-14-Election-soldat-de-milice-01.jpg\" target=\"_blank\" rel=\"noopener\">Texte 1<\/a> &#8211; <a href=\"http:\/\/larena77.fr\/wp-content\/uploads\/2016\/04\/258E779-1703-12-14-Election-soldat-de-milice-02.jpg\" target=\"_blank\" rel=\"noopener\">Texte 2<\/a> &#8211; <a href=\"http:\/\/larena77.fr\/wp-content\/uploads\/2016\/04\/258E779-1703-12-14-Election-soldat-de-milice.pdf\" target=\"_blank\" rel=\"noopener\">Transcription<\/a><\/p>\n<h3>07 &#8211; Titre nouvel YVONET<\/h3>\n<p style=\"padding-left: 30px;\"><a href=\"http:\/\/larena77.fr\/wp-content\/uploads\/2016\/04\/258E780-1709-07-26-TN-YVONET-01.jpg\" target=\"_blank\" rel=\"noopener\">Texte 1<\/a> &#8211; <a href=\"http:\/\/larena77.fr\/wp-content\/uploads\/2016\/04\/258E780-1709-07-26-TN-YVONET-02.jpg\" target=\"_blank\" rel=\"noopener\">Texte 2<\/a> &#8211; <a href=\"http:\/\/larena77.fr\/wp-content\/uploads\/2016\/04\/258E780-1709-07-26-TN-YVONET-03.jpg\" target=\"_blank\" rel=\"noopener\">Texte 3<\/a>\u00a0&#8211; <a href=\"http:\/\/larena77.fr\/wp-content\/uploads\/2016\/04\/258E780-1709-07-26-TN-YVONET-04.jpg\" target=\"_blank\" rel=\"noopener\">Texte 4<\/a>\u00a0&#8211; <a href=\"http:\/\/larena77.fr\/wp-content\/uploads\/2016\/04\/258E780-1709-07-26-TN-YVONET.pdf\" target=\"_blank\" rel=\"noopener\">Transcription<\/a><\/p>\n<h3>08 &#8211; D\u00e9dit<\/h3>\n<p style=\"padding-left: 30px;\"><a href=\"http:\/\/larena77.fr\/wp-content\/uploads\/2016\/04\/258E780-1711-12-18-D\u00e9dit-par-Marie-Anne-DELASAUSOYE-01.jpg\" target=\"_blank\" rel=\"noopener\">Texte 1<\/a> &#8211; <a href=\"http:\/\/larena77.fr\/wp-content\/uploads\/2016\/04\/258E780-1711-12-18-D\u00e9dit-par-Marie-Anne-DELASAUSOYE-02.jpg\" target=\"_blank\" rel=\"noopener\">Texte 2<\/a> &#8211; <a href=\"http:\/\/larena77.fr\/wp-content\/uploads\/2016\/04\/258E780-1711-12-18-D\u00e9dit-par-Marie-Anne-DELASAUSOYE.pdf\" target=\"_blank\" rel=\"noopener\">Transcription<\/a><\/p>\n<h3>09 &#8211; Vente 1606 (propos\u00e9 par Monique JACHET)<\/h3>\n<p style=\"padding-left: 30px;\"><a href=\"http:\/\/larena77.fr\/wp-content\/uploads\/2016\/04\/Pal\u00e9o-09.pdf\" target=\"_blank\" rel=\"noopener\">Texte<\/a><\/p>\n<h3>10\u00a0&#8211; March\u00e9 LARPENTEUR &#8211; BERNARD<\/h3>\n<p style=\"padding-left: 30px;\"><a href=\"http:\/\/larena77.fr\/wp-content\/uploads\/2016\/04\/1051E313-1767-12-27-March\u00e9-LARPENTEUR-BERNARD-01.jpg\" target=\"_blank\" rel=\"noopener\">Texte 1<\/a> &#8211; <a href=\"http:\/\/larena77.fr\/wp-content\/uploads\/2016\/04\/1051E313-1767-12-27-March\u00e9-LARPENTEUR-BERNARD-02.jpg\" target=\"_blank\" rel=\"noopener\">Texte 2<\/a> &#8211; <a href=\"http:\/\/larena77.fr\/wp-content\/uploads\/2016\/04\/1051E313-1767-12-27-March\u00e9-LARPENTEUR-BERNARD-03.jpg\" target=\"_blank\" rel=\"noopener\">Texte 3<\/a> &#8211; <a href=\"http:\/\/larena77.fr\/wp-content\/uploads\/2016\/04\/1051E313-1767-12-27-March\u00e9-LARPENTEUR-BERNARD.pdf\" target=\"_blank\" rel=\"noopener\">Transcription<\/a><\/p>\n<h3>11\u00a0&#8211;\u00a0&#8230;<\/h3>\n<h3>12\u00a0&#8211; Accident de voiture \u00e0 Marcoussis<\/h3>\n<p style=\"padding-left: 30px;\"><a href=\"http:\/\/larena77.fr\/wp-content\/uploads\/2016\/04\/Accident-de-voiture-doc.pdf\" target=\"_blank\" rel=\"noopener\">Texte<\/a> &#8211; <a href=\"http:\/\/larena77.fr\/wp-content\/uploads\/2016\/04\/Accident-de-voiture.pdf\" target=\"_blank\" rel=\"noopener\">Transcription<\/a><\/p>\n<h3>13\u00a0&#8211; Mal de Saint-Loup<\/h3>\n<p style=\"padding-left: 30px;\"><a href=\"http:\/\/larena77.fr\/wp-content\/uploads\/2016\/04\/1051E2-1706-03-30-Mal-de-Saint-Loup-01.jpg\" target=\"_blank\" rel=\"noopener\">Texte 1<\/a> &#8211; <a href=\"http:\/\/larena77.fr\/wp-content\/uploads\/2016\/04\/1051E2-1706-03-30-Mal-de-Saint-Loup-02.jpg\" target=\"_blank\" rel=\"noopener\">Texte 2<\/a> &#8211; <a href=\"http:\/\/larena77.fr\/wp-content\/uploads\/2016\/04\/1051E2-1706-03-30-Mal-de-Saint-Loup.pdf\" target=\"_blank\" rel=\"noopener\">Transcription<\/a><\/p>\n<h3>14\u00a0&#8211;\u00a0Extrait de contrat de mariage\u00a0de 1629<\/h3>\n<p style=\"padding-left: 30px;\"><a href=\"http:\/\/larena77.fr\/wp-content\/uploads\/2016\/04\/extrait-de-CM-de-1629.jpg\" target=\"_blank\" rel=\"noopener\">Texte<\/a> &#8211; <a href=\"http:\/\/larena77.fr\/wp-content\/uploads\/2016\/04\/extrait-de-CM-de-1629.pdf\" target=\"_blank\" rel=\"noopener\">Transcription<\/a><\/p>\n<h3>15\u00a0&#8211; March\u00e9 de ma\u00eetre d&rsquo;\u00e9cole de Villecerf<\/h3>\n<p style=\"padding-left: 30px;\"><a href=\"http:\/\/larena77.fr\/wp-content\/uploads\/2016\/04\/1051E2-1704-11-09-March\u00e9-ma\u00eetre-d\u00e9cole-de-Villecerf-01.jpg\" target=\"_blank\" rel=\"noopener\">Texte 1<\/a> &#8211; <a href=\"http:\/\/larena77.fr\/wp-content\/uploads\/2016\/04\/1051E2-1704-11-09-March\u00e9-ma\u00eetre-d\u00e9cole-de-Villecerf-02.jpg\" target=\"_blank\" rel=\"noopener\">Texte 2<\/a> &#8211; <a href=\"http:\/\/larena77.fr\/wp-content\/uploads\/2016\/04\/1051E2-1704-11-09-March\u00e9-ma\u00eetre-d\u00e9cole-de-Villecerf-03.jpg\" target=\"_blank\" rel=\"noopener\">Texte 3<\/a> &#8211; <a href=\"http:\/\/larena77.fr\/wp-content\/uploads\/2016\/04\/1051E2-1704-11-09-March\u00e9-ma\u00eetre-d\u00e9cole-de-Villecerf-04.jpg\" target=\"_blank\" rel=\"noopener\">Texte 4<\/a> &#8211; <a href=\"http:\/\/larena77.fr\/wp-content\/uploads\/2016\/04\/1051E2-1704-11-09-March\u00e9-ma\u00eetre-d\u00e9cole-de-Villecerf.pdf\" target=\"_blank\" rel=\"noopener\">Transcription<\/a><\/p>\n<h3>16 &#8211; Testament<\/h3>\n<p style=\"padding-left: 30px;\"><a href=\"http:\/\/larena77.fr\/wp-content\/uploads\/2015\/12\/AD91-cas-n\u00b04.pdf\" target=\"_blank\" rel=\"noopener\">Texte <\/a>&#8211; <a href=\"http:\/\/larena77.fr\/wp-content\/uploads\/2015\/12\/AD91-cas-n\u00b04-Correction.pdf\" target=\"_blank\" rel=\"noopener\">Transcription <\/a>&#8211; <a href=\"http:\/\/larena77.fr\/wp-content\/uploads\/2015\/12\/AD91-cas-n\u00b04-abr\u00e9viations.pdf\" target=\"_blank\" rel=\"noopener\">Abr\u00e9viations<\/a><\/p>\n<h3>17 &#8211; Attestation pour une vache<\/h3>\n<p style=\"padding-left: 30px;\"><a href=\"http:\/\/larena77.fr\/wp-content\/uploads\/2018\/10\/109E13-1714-08-01-Attestation-01.jpg\" target=\"_blank\" rel=\"noopener\">Texte 1<\/a> &#8211; <a href=\"http:\/\/larena77.fr\/wp-content\/uploads\/2018\/10\/109E13-1714-08-01-Attestation-02.jpg\" target=\"_blank\" rel=\"noopener\">Texte 2<\/a> &#8211; <a href=\"http:\/\/larena77.fr\/wp-content\/uploads\/2018\/10\/17-Attestation-pour-une-vache.pdf\" target=\"_blank\" rel=\"noopener\">Transcription<\/a><\/p>\n","protected":false},"excerpt":{"rendered":"<p>01 &#8211; Perchelet Texte et transcription 02 &#8211; Bail de vache Texte &#8211; Transcription 03 &#8211; Bail\u00a0\u00e0 rente (1721) Texte &#8211; Transcription 04 &#8211; Accord du 24 septembre 1714 Texte 1 &#8211; Texte 2 &#8211; Transcription 05 &#8211; Texte (propos\u00e9 par Edgar BAUDRIER) Texte 06 &#8211; Soldat de milice Texte 1 &#8211; Texte 2 &#8211; [&hellip;]<\/p>\n","protected":false},"author":3,"featured_media":0,"parent":0,"menu_order":0,"comment_status":"closed","ping_status":"closed","template":"","meta":{"_bbp_topic_count":0,"_bbp_reply_count":0,"_bbp_total_topic_count":0,"_bbp_total_reply_count":0,"_bbp_voice_count":0,"_bbp_anonymous_reply_count":0,"_bbp_topic_count_hidden":0,"_bbp_reply_count_hidden":0,"_bbp_forum_subforum_count":0},"_links":{"self":[{"href":"https:\/\/larena77.fr\/index.php?rest_route=\/wp\/v2\/pages\/1003"}],"collection":[{"href":"https:\/\/larena77.fr\/index.php?rest_route=\/wp\/v2\/pages"}],"about":[{"href":"https:\/\/larena77.fr\/index.php?rest_route=\/wp\/v2\/types\/page"}],"author":[{"embeddable":true,"href":"https:\/\/larena77.fr\/index.php?rest_route=\/wp\/v2\/users\/3"}],"replies":[{"embeddable":true,"href":"https:\/\/larena77.fr\/index.php?rest_route=%2Fwp%2Fv2%2Fcomments&post=1003"}],"version-history":[{"count":15,"href":"https:\/\/larena77.fr\/index.php?rest_route=\/wp\/v2\/pages\/1003\/revisions"}],"predecessor-version":[{"id":3030,"href":"https:\/\/larena77.fr\/index.php?rest_route=\/wp\/v2\/pages\/1003\/revisions\/3030"}],"wp:attachment":[{"href":"https:\/\/larena77.fr\/index.php?rest_route=%2Fwp%2Fv2%2Fmedia&parent=1003"}],"curies":[{"name":"wp","href":"https:\/\/api.w.org\/{rel}","templated":true}]}}

Paléographie

<h3>01 &#8211; Perchelet</h3>
<p style="padding-left: 30px;"><a href="http://larena77.fr/wp-content/uploads/2015/12/Paléographie-perchelet.pdf" target="_blank" rel="noopener">Texte et transcription</a></p>
<h3>02 &#8211; Bail de vache</h3>
<p style="padding-left: 30px;"><a href="http://larena77.fr/wp-content/uploads/2015/12/Bail-de-Vache-texte.pdf" target="_blank" rel="noopener">Texte </a>&#8211; <a href="http://larena77.fr/wp-content/uploads/2015/12/Bail-de-Vache.pdf" target="_blank" rel="noopener">Transcription</a></p>
<h3>03 &#8211; Bail à rente (1721)</h3>
<p style="padding-left: 30px;"><a href="http://larena77.fr/wp-content/uploads/2016/04/Bail-à-rente-1721-texte.pdf" target="_blank" rel="noopener">Texte</a> &#8211; <a href="http://larena77.fr/wp-content/uploads/2016/04/Bail-à-rente-1721.pdf" target="_blank" rel="noopener">Transcription</a></p>
<h3>04 &#8211; Accord du 24 septembre 1714</h3>
<p style="padding-left: 30px;"><a href="http://larena77.fr/wp-content/uploads/2016/04/231E695-1714-09-24-Accord-DELON-RICHARD-01.jpg" target="_blank" rel="noopener">Texte 1</a> &#8211; <a href="http://larena77.fr/wp-content/uploads/2016/04/231E695-1714-09-24-Accord-DELON-RICHARD-02.jpg" target="_blank" rel="noopener">Texte 2</a> &#8211; <a href="http://larena77.fr/wp-content/uploads/2016/04/Accord-du-24-septembre-1714.pdf" target="_blank" rel="noopener">Transcription</a></p>
<h3>05 &#8211; Texte (proposé par Edgar BAUDRIER)</h3>
<p style="padding-left: 30px;"><a href="http://larena77.fr/wp-content/uploads/2016/04/Texte-de-Edgar-BAUDRIER.pdf" target="_blank" rel="noopener">Texte</a></p>
<h3>06 &#8211; Soldat de milice</h3>
<p style="padding-left: 30px;"><a href="http://larena77.fr/wp-content/uploads/2016/04/258E779-1703-12-14-Election-soldat-de-milice-01.jpg" target="_blank" rel="noopener">Texte 1</a> &#8211; <a href="http://larena77.fr/wp-content/uploads/2016/04/258E779-1703-12-14-Election-soldat-de-milice-02.jpg" target="_blank" rel="noopener">Texte 2</a> &#8211; <a href="http://larena77.fr/wp-content/uploads/2016/04/258E779-1703-12-14-Election-soldat-de-milice.pdf" target="_blank" rel="noopener">Transcription</a></p>
<h3>07 &#8211; Titre nouvel YVONET</h3>
<p style="padding-left: 30px;"><a href="http://larena77.fr/wp-content/uploads/2016/04/258E780-1709-07-26-TN-YVONET-01.jpg" target="_blank" rel="noopener">Texte 1</a> &#8211; <a href="http://larena77.fr/wp-content/uploads/2016/04/258E780-1709-07-26-TN-YVONET-02.jpg" target="_blank" rel="noopener">Texte 2</a> &#8211; <a href="http://larena77.fr/wp-content/uploads/2016/04/258E780-1709-07-26-TN-YVONET-03.jpg" target="_blank" rel="noopener">Texte 3</a> &#8211; <a href="http://larena77.fr/wp-content/uploads/2016/04/258E780-1709-07-26-TN-YVONET-04.jpg" target="_blank" rel="noopener">Texte 4</a> &#8211; <a href="http://larena77.fr/wp-content/uploads/2016/04/258E780-1709-07-26-TN-YVONET.pdf" target="_blank" rel="noopener">Transcription</a></p>
<h3>08 &#8211; Dédit</h3>
<p style="padding-left: 30px;"><a href="http://larena77.fr/wp-content/uploads/2016/04/258E780-1711-12-18-Dédit-par-Marie-Anne-DELASAUSOYE-01.jpg" target="_blank" rel="noopener">Texte 1</a> &#8211; <a href="http://larena77.fr/wp-content/uploads/2016/04/258E780-1711-12-18-Dédit-par-Marie-Anne-DELASAUSOYE-02.jpg" target="_blank" rel="noopener">Texte 2</a> &#8211; <a href="http://larena77.fr/wp-content/uploads/2016/04/258E780-1711-12-18-Dédit-par-Marie-Anne-DELASAUSOYE.pdf" target="_blank" rel="noopener">Transcription</a></p>
<h3>09 &#8211; Vente 1606 (proposé par Monique JACHET)</h3>
<p style="padding-left: 30px;"><a href="http://larena77.fr/wp-content/uploads/2016/04/Paléo-09.pdf" target="_blank" rel="noopener">Texte</a></p>
<h3>10 &#8211; Marché LARPENTEUR &#8211; BERNARD</h3>
<p style="padding-left: 30px;"><a href="http://larena77.fr/wp-content/uploads/2016/04/1051E313-1767-12-27-Marché-LARPENTEUR-BERNARD-01.jpg" target="_blank" rel="noopener">Texte 1</a> &#8211; <a href="http://larena77.fr/wp-content/uploads/2016/04/1051E313-1767-12-27-Marché-LARPENTEUR-BERNARD-02.jpg" target="_blank" rel="noopener">Texte 2</a> &#8211; <a href="http://larena77.fr/wp-content/uploads/2016/04/1051E313-1767-12-27-Marché-LARPENTEUR-BERNARD-03.jpg" target="_blank" rel="noopener">Texte 3</a> &#8211; <a href="http://larena77.fr/wp-content/uploads/2016/04/1051E313-1767-12-27-Marché-LARPENTEUR-BERNARD.pdf" target="_blank" rel="noopener">Transcription</a></p>
<h3>11 &#8211; &#8230;</h3>
<h3>12 &#8211; Accident de voiture à Marcoussis</h3>
<p style="padding-left: 30px;"><a href="http://larena77.fr/wp-content/uploads/2016/04/Accident-de-voiture-doc.pdf" target="_blank" rel="noopener">Texte</a> &#8211; <a href="http://larena77.fr/wp-content/uploads/2016/04/Accident-de-voiture.pdf" target="_blank" rel="noopener">Transcription</a></p>
<h3>13 &#8211; Mal de Saint-Loup</h3>
<p style="padding-left: 30px;"><a href="http://larena77.fr/wp-content/uploads/2016/04/1051E2-1706-03-30-Mal-de-Saint-Loup-01.jpg" target="_blank" rel="noopener">Texte 1</a> &#8211; <a href="http://larena77.fr/wp-content/uploads/2016/04/1051E2-1706-03-30-Mal-de-Saint-Loup-02.jpg" target="_blank" rel="noopener">Texte 2</a> &#8211; <a href="http://larena77.fr/wp-content/uploads/2016/04/1051E2-1706-03-30-Mal-de-Saint-Loup.pdf" target="_blank" rel="noopener">Transcription</a></p>
<h3>14 &#8211; Extrait de contrat de mariage de 1629</h3>
<p style="padding-left: 30px;"><a href="http://larena77.fr/wp-content/uploads/2016/04/extrait-de-CM-de-1629.jpg" target="_blank" rel="noopener">Texte</a> &#8211; <a href="http://larena77.fr/wp-content/uploads/2016/04/extrait-de-CM-de-1629.pdf" target="_blank" rel="noopener">Transcription</a></p>
<h3>15 &#8211; Marché de maître d&rsquo;école de Villecerf</h3>
<p style="padding-left: 30px;"><a href="http://larena77.fr/wp-content/uploads/2016/04/1051E2-1704-11-09-Marché-maître-décole-de-Villecerf-01.jpg" target="_blank" rel="noopener">Texte 1</a> &#8211; <a href="http://larena77.fr/wp-content/uploads/2016/04/1051E2-1704-11-09-Marché-maître-décole-de-Villecerf-02.jpg" target="_blank" rel="noopener">Texte 2</a> &#8211; <a href="http://larena77.fr/wp-content/uploads/2016/04/1051E2-1704-11-09-Marché-maître-décole-de-Villecerf-03.jpg" target="_blank" rel="noopener">Texte 3</a> &#8211; <a href="http://larena77.fr/wp-content/uploads/2016/04/1051E2-1704-11-09-Marché-maître-décole-de-Villecerf-04.jpg" target="_blank" rel="noopener">Texte 4</a> &#8211; <a href="http://larena77.fr/wp-content/uploads/2016/04/1051E2-1704-11-09-Marché-maître-décole-de-Villecerf.pdf" target="_blank" rel="noopener">Transcription</a></p>
<h3>16 &#8211; Testament</h3>
<p style="padding-left: 30px;"><a href="http://larena77.fr/wp-content/uploads/2015/12/AD91-cas-n°4.pdf" target="_blank" rel="noopener">Texte </a>&#8211; <a href="http://larena77.fr/wp-content/uploads/2015/12/AD91-cas-n°4-Correction.pdf" target="_blank" rel="noopener">Transcription </a>&#8211; <a href="http://larena77.fr/wp-content/uploads/2015/12/AD91-cas-n°4-abréviations.pdf" target="_blank" rel="noopener">Abréviations</a></p>
<h3>17 &#8211; Attestation pour une vache</h3>
<p style="padding-left: 30px;"><a href="http://larena77.fr/wp-content/uploads/2018/10/109E13-1714-08-01-Attestation-01.jpg" target="_blank" rel="noopener">Texte 1</a> &#8211; <a href="http://larena77.fr/wp-content/uploads/2018/10/109E13-1714-08-01-Attestation-02.jpg" target="_blank" rel="noopener">Texte 2</a> &#8211; <a href="http://larena77.fr/wp-content/uploads/2018/10/17-Attestation-pour-une-vache.pdf" target="_blank" rel="noopener">Transcription</a></p>

<p>01 &#8211; Perchelet Texte et transcription 02 &#8211; Bail de vache Texte &#8211; Transcription 03 &#8211; Bail à rente (1721) Texte &#8211; Transcription 04 &#8211; Accord du 24 septembre 1714 Texte 1 &#8211; Texte 2 &#8211; Transcription 05 &#8211; Texte (proposé par Edgar BAUDRIER) Texte 06 &#8211; Soldat de milice Texte 1 &#8211; Texte 2 &#8211; [&hellip;]</p>
